{"id":167,"date":"2024-03-11T07:11:20","date_gmt":"2024-03-11T07:11:20","guid":{"rendered":"https:\/\/www.parafia-smicz.pl\/?page_id=167"},"modified":"2024-03-11T11:28:18","modified_gmt":"2024-03-11T11:28:18","slug":"remont-wnetrza-wiezy-koscielnej-2023","status":"publish","type":"page","link":"https:\/\/www.parafia-smicz.pl\/?page_id=167","title":{"rendered":"Remont wn\u0119trza wie\u017cy ko\u015bcielnej-2023"},"content":{"rendered":"\t\t<div data-elementor-type=\"wp-page\" data-elementor-id=\"167\" class=\"elementor elementor-167\">\n\t\t\t\t<div class=\"elementor-element elementor-element-efc5950 e-flex e-con-boxed e-con e-parent\" data-id=\"efc5950\" data-element_type=\"container\" data-e-type=\"container\">\n\t\t\t\t\t<div class=\"e-con-inner\">\n\t\t\t\t<div class=\"elementor-element elementor-element-324d609 elementor-widget elementor-widget-heading\" data-id=\"324d609\" data-element_type=\"widget\" data-e-type=\"widget\" data-widget_type=\"heading.default\">\n\t\t\t\t\t<h2 class=\"elementor-heading-title elementor-size-default\"><b><span style=\"font-size:18.0pt;line-height:107%\">Remont\nwn\u0119trza wie\u017cy ko\u015bcielnej w celu uzyskania statusu wie\u017cy widokowej w \u015amiczu<\/span><\/b><\/h2>\t\t\t\t<\/div>\n\t\t\t\t\t<\/div>\n\t\t\t\t<\/div>\n\t\t<div class=\"elementor-element elementor-element-c921231 e-flex e-con-boxed e-con e-parent\" data-id=\"c921231\" data-element_type=\"container\" data-e-type=\"container\">\n\t\t\t\t\t<div class=\"e-con-inner\">\n\t\t\t\t<div class=\"elementor-element elementor-element-c1ba04d elementor-widget elementor-widget-image\" data-id=\"c1ba04d\" data-element_type=\"widget\" data-e-type=\"widget\" data-widget_type=\"image.default\">\n\t\t\t\t\t\t\t\t\t\t\t\t\t\t\t<img fetchpriority=\"high\" decoding=\"async\" width=\"1024\" height=\"258\" src=\"https:\/\/www.parafia-smicz.pl\/wp-content\/uploads\/2024\/03\/Loga-1024x258.jpg\" class=\"attachment-large size-large wp-image-188\" alt=\"\" srcset=\"https:\/\/www.parafia-smicz.pl\/wp-content\/uploads\/2024\/03\/Loga-1024x258.jpg 1024w, https:\/\/www.parafia-smicz.pl\/wp-content\/uploads\/2024\/03\/Loga-300x75.jpg 300w, https:\/\/www.parafia-smicz.pl\/wp-content\/uploads\/2024\/03\/Loga-768x193.jpg 768w, https:\/\/www.parafia-smicz.pl\/wp-content\/uploads\/2024\/03\/Loga-1536x387.jpg 1536w, https:\/\/www.parafia-smicz.pl\/wp-content\/uploads\/2024\/03\/Loga-2048x515.jpg 2048w\" sizes=\"(max-width: 1024px) 100vw, 1024px\" \/>\t\t\t\t\t\t\t\t\t\t\t\t\t\t\t<\/div>\n\t\t\t\t\t<\/div>\n\t\t\t\t<\/div>\n\t\t<div class=\"elementor-element elementor-element-f56f41e e-flex e-con-boxed e-con e-parent\" data-id=\"f56f41e\" data-element_type=\"container\" data-e-type=\"container\">\n\t\t\t\t\t<div class=\"e-con-inner\">\n\t\t<div class=\"elementor-element elementor-element-4798722 e-con-full e-flex e-con e-child\" data-id=\"4798722\" data-element_type=\"container\" data-e-type=\"container\">\n\t\t\t\t<div class=\"elementor-element elementor-element-49ec8c7 elementor-widget elementor-widget-image\" data-id=\"49ec8c7\" data-element_type=\"widget\" data-e-type=\"widget\" data-widget_type=\"image.default\">\n\t\t\t\t\t\t\t\t\t\t\t\t\t\t\t<img decoding=\"async\" width=\"768\" height=\"1024\" src=\"https:\/\/www.parafia-smicz.pl\/wp-content\/uploads\/2024\/03\/img_20200810_090815m-768x1024.jpg\" class=\"attachment-large size-large wp-image-175\" alt=\"\" srcset=\"https:\/\/www.parafia-smicz.pl\/wp-content\/uploads\/2024\/03\/img_20200810_090815m-768x1024.jpg 768w, https:\/\/www.parafia-smicz.pl\/wp-content\/uploads\/2024\/03\/img_20200810_090815m-225x300.jpg 225w, https:\/\/www.parafia-smicz.pl\/wp-content\/uploads\/2024\/03\/img_20200810_090815m.jpg 900w\" sizes=\"(max-width: 768px) 100vw, 768px\" \/>\t\t\t\t\t\t\t\t\t\t\t\t\t\t\t<\/div>\n\t\t\t\t<\/div>\n\t\t<div class=\"elementor-element elementor-element-01b4476 e-con-full e-flex e-con e-child\" data-id=\"01b4476\" data-element_type=\"container\" data-e-type=\"container\">\n\t\t\t\t<div class=\"elementor-element elementor-element-d4c67c5 elementor-widget elementor-widget-image\" data-id=\"d4c67c5\" data-element_type=\"widget\" data-e-type=\"widget\" data-widget_type=\"image.default\">\n\t\t\t\t\t\t\t\t\t\t\t\t\t\t\t<img decoding=\"async\" width=\"768\" height=\"1024\" src=\"https:\/\/www.parafia-smicz.pl\/wp-content\/uploads\/2024\/03\/img_20200810_090806m-768x1024.jpg\" class=\"attachment-large size-large wp-image-174\" alt=\"\" srcset=\"https:\/\/www.parafia-smicz.pl\/wp-content\/uploads\/2024\/03\/img_20200810_090806m-768x1024.jpg 768w, https:\/\/www.parafia-smicz.pl\/wp-content\/uploads\/2024\/03\/img_20200810_090806m-225x300.jpg 225w, https:\/\/www.parafia-smicz.pl\/wp-content\/uploads\/2024\/03\/img_20200810_090806m.jpg 900w\" sizes=\"(max-width: 768px) 100vw, 768px\" \/>\t\t\t\t\t\t\t\t\t\t\t\t\t\t\t<\/div>\n\t\t\t\t<\/div>\n\t\t\t\t\t<\/div>\n\t\t\t\t<\/div>\n\t\t<div class=\"elementor-element elementor-element-38b5dee e-flex e-con-boxed e-con e-parent\" data-id=\"38b5dee\" data-element_type=\"container\" data-e-type=\"container\">\n\t\t\t\t\t<div class=\"e-con-inner\">\n\t\t<div class=\"elementor-element elementor-element-62249b2 e-con-full e-flex e-con e-child\" data-id=\"62249b2\" data-element_type=\"container\" data-e-type=\"container\">\n\t\t\t\t<div class=\"elementor-element elementor-element-64797ce elementor-widget elementor-widget-image\" data-id=\"64797ce\" data-element_type=\"widget\" data-e-type=\"widget\" data-widget_type=\"image.default\">\n\t\t\t\t\t\t\t\t\t\t\t\t\t\t\t<img loading=\"lazy\" decoding=\"async\" width=\"768\" height=\"1024\" src=\"https:\/\/www.parafia-smicz.pl\/wp-content\/uploads\/2024\/03\/img_20200810_090756m_1597173723-768x1024.jpg\" class=\"attachment-large size-large wp-image-173\" alt=\"\" srcset=\"https:\/\/www.parafia-smicz.pl\/wp-content\/uploads\/2024\/03\/img_20200810_090756m_1597173723-768x1024.jpg 768w, https:\/\/www.parafia-smicz.pl\/wp-content\/uploads\/2024\/03\/img_20200810_090756m_1597173723-225x300.jpg 225w, https:\/\/www.parafia-smicz.pl\/wp-content\/uploads\/2024\/03\/img_20200810_090756m_1597173723.jpg 900w\" sizes=\"(max-width: 768px) 100vw, 768px\" \/>\t\t\t\t\t\t\t\t\t\t\t\t\t\t\t<\/div>\n\t\t\t\t<\/div>\n\t\t<div class=\"elementor-element elementor-element-46e3ea3 e-con-full e-flex e-con e-child\" data-id=\"46e3ea3\" data-element_type=\"container\" data-e-type=\"container\">\n\t\t\t\t<div class=\"elementor-element elementor-element-4209459 elementor-widget elementor-widget-image\" data-id=\"4209459\" data-element_type=\"widget\" data-e-type=\"widget\" data-widget_type=\"image.default\">\n\t\t\t\t\t\t\t\t\t\t\t\t\t\t\t<img loading=\"lazy\" decoding=\"async\" width=\"768\" height=\"1024\" src=\"https:\/\/www.parafia-smicz.pl\/wp-content\/uploads\/2024\/03\/img_20200810_091434m-768x1024.jpg\" class=\"attachment-large size-large wp-image-179\" alt=\"\" srcset=\"https:\/\/www.parafia-smicz.pl\/wp-content\/uploads\/2024\/03\/img_20200810_091434m-768x1024.jpg 768w, https:\/\/www.parafia-smicz.pl\/wp-content\/uploads\/2024\/03\/img_20200810_091434m-225x300.jpg 225w, https:\/\/www.parafia-smicz.pl\/wp-content\/uploads\/2024\/03\/img_20200810_091434m-1152x1536.jpg 1152w, https:\/\/www.parafia-smicz.pl\/wp-content\/uploads\/2024\/03\/img_20200810_091434m.jpg 1200w\" sizes=\"(max-width: 768px) 100vw, 768px\" \/>\t\t\t\t\t\t\t\t\t\t\t\t\t\t\t<\/div>\n\t\t\t\t<\/div>\n\t\t\t\t\t<\/div>\n\t\t\t\t<\/div>\n\t\t<div class=\"elementor-element elementor-element-1b2f846 e-flex e-con-boxed e-con e-parent\" data-id=\"1b2f846\" data-element_type=\"container\" data-e-type=\"container\">\n\t\t\t\t\t<div class=\"e-con-inner\">\n\t\t<div class=\"elementor-element elementor-element-26ab2aa e-con-full e-flex e-con e-child\" data-id=\"26ab2aa\" data-element_type=\"container\" data-e-type=\"container\">\n\t\t\t\t<div class=\"elementor-element elementor-element-3da0fc6 elementor-widget elementor-widget-image\" data-id=\"3da0fc6\" data-element_type=\"widget\" data-e-type=\"widget\" data-widget_type=\"image.default\">\n\t\t\t\t\t\t\t\t\t\t\t\t\t\t\t<img loading=\"lazy\" decoding=\"async\" width=\"576\" height=\"1024\" src=\"https:\/\/www.parafia-smicz.pl\/wp-content\/uploads\/2024\/03\/img-20200901-wa0008-576x1024.jpg\" class=\"attachment-large size-large wp-image-185\" alt=\"\" srcset=\"https:\/\/www.parafia-smicz.pl\/wp-content\/uploads\/2024\/03\/img-20200901-wa0008-576x1024.jpg 576w, https:\/\/www.parafia-smicz.pl\/wp-content\/uploads\/2024\/03\/img-20200901-wa0008-169x300.jpg 169w, https:\/\/www.parafia-smicz.pl\/wp-content\/uploads\/2024\/03\/img-20200901-wa0008-768x1365.jpg 768w, https:\/\/www.parafia-smicz.pl\/wp-content\/uploads\/2024\/03\/img-20200901-wa0008-864x1536.jpg 864w, https:\/\/www.parafia-smicz.pl\/wp-content\/uploads\/2024\/03\/img-20200901-wa0008.jpg 900w\" sizes=\"(max-width: 576px) 100vw, 576px\" \/>\t\t\t\t\t\t\t\t\t\t\t\t\t\t\t<\/div>\n\t\t\t\t<\/div>\n\t\t<div class=\"elementor-element elementor-element-fbebcb8 e-con-full e-flex e-con e-child\" data-id=\"fbebcb8\" data-element_type=\"container\" data-e-type=\"container\">\n\t\t\t\t<div class=\"elementor-element elementor-element-965dc8f elementor-widget elementor-widget-image\" data-id=\"965dc8f\" data-element_type=\"widget\" data-e-type=\"widget\" data-widget_type=\"image.default\">\n\t\t\t\t\t\t\t\t\t\t\t\t\t\t\t<img loading=\"lazy\" decoding=\"async\" width=\"576\" height=\"1024\" src=\"https:\/\/www.parafia-smicz.pl\/wp-content\/uploads\/2024\/03\/img-20200901-wa0004-576x1024.jpg\" class=\"attachment-large size-large wp-image-182\" alt=\"\" srcset=\"https:\/\/www.parafia-smicz.pl\/wp-content\/uploads\/2024\/03\/img-20200901-wa0004-576x1024.jpg 576w, https:\/\/www.parafia-smicz.pl\/wp-content\/uploads\/2024\/03\/img-20200901-wa0004-169x300.jpg 169w, https:\/\/www.parafia-smicz.pl\/wp-content\/uploads\/2024\/03\/img-20200901-wa0004-768x1365.jpg 768w, https:\/\/www.parafia-smicz.pl\/wp-content\/uploads\/2024\/03\/img-20200901-wa0004-864x1536.jpg 864w, https:\/\/www.parafia-smicz.pl\/wp-content\/uploads\/2024\/03\/img-20200901-wa0004.jpg 900w\" sizes=\"(max-width: 576px) 100vw, 576px\" \/>\t\t\t\t\t\t\t\t\t\t\t\t\t\t\t<\/div>\n\t\t\t\t<\/div>\n\t\t\t\t\t<\/div>\n\t\t\t\t<\/div>\n\t\t<div class=\"elementor-element elementor-element-8ced115 e-flex e-con-boxed e-con e-parent\" data-id=\"8ced115\" data-element_type=\"container\" data-e-type=\"container\">\n\t\t\t\t\t<div class=\"e-con-inner\">\n\t\t<div class=\"elementor-element elementor-element-a9e26e4 e-con-full e-flex e-con e-child\" data-id=\"a9e26e4\" data-element_type=\"container\" data-e-type=\"container\">\n\t\t\t\t<div class=\"elementor-element elementor-element-6c9f700 elementor-widget elementor-widget-image\" data-id=\"6c9f700\" data-element_type=\"widget\" data-e-type=\"widget\" data-widget_type=\"image.default\">\n\t\t\t\t\t\t\t\t\t\t\t\t\t\t\t<img loading=\"lazy\" decoding=\"async\" width=\"576\" height=\"1024\" src=\"https:\/\/www.parafia-smicz.pl\/wp-content\/uploads\/2024\/03\/img-20200901-wa0006-1-576x1024.jpg\" class=\"attachment-large size-large wp-image-184\" alt=\"\" srcset=\"https:\/\/www.parafia-smicz.pl\/wp-content\/uploads\/2024\/03\/img-20200901-wa0006-1-576x1024.jpg 576w, https:\/\/www.parafia-smicz.pl\/wp-content\/uploads\/2024\/03\/img-20200901-wa0006-1-169x300.jpg 169w, https:\/\/www.parafia-smicz.pl\/wp-content\/uploads\/2024\/03\/img-20200901-wa0006-1-768x1365.jpg 768w, https:\/\/www.parafia-smicz.pl\/wp-content\/uploads\/2024\/03\/img-20200901-wa0006-1-864x1536.jpg 864w, https:\/\/www.parafia-smicz.pl\/wp-content\/uploads\/2024\/03\/img-20200901-wa0006-1.jpg 900w\" sizes=\"(max-width: 576px) 100vw, 576px\" \/>\t\t\t\t\t\t\t\t\t\t\t\t\t\t\t<\/div>\n\t\t\t\t<\/div>\n\t\t<div class=\"elementor-element elementor-element-23c7520 e-con-full e-flex e-con e-child\" data-id=\"23c7520\" data-element_type=\"container\" data-e-type=\"container\">\n\t\t\t\t<div class=\"elementor-element elementor-element-668c517 elementor-widget elementor-widget-image\" data-id=\"668c517\" data-element_type=\"widget\" data-e-type=\"widget\" data-widget_type=\"image.default\">\n\t\t\t\t\t\t\t\t\t\t\t\t\t\t\t<img loading=\"lazy\" decoding=\"async\" width=\"576\" height=\"1024\" src=\"https:\/\/www.parafia-smicz.pl\/wp-content\/uploads\/2024\/03\/img-20200901-wa0010-576x1024.jpg\" class=\"attachment-large size-large wp-image-186\" alt=\"\" srcset=\"https:\/\/www.parafia-smicz.pl\/wp-content\/uploads\/2024\/03\/img-20200901-wa0010-576x1024.jpg 576w, https:\/\/www.parafia-smicz.pl\/wp-content\/uploads\/2024\/03\/img-20200901-wa0010-169x300.jpg 169w, https:\/\/www.parafia-smicz.pl\/wp-content\/uploads\/2024\/03\/img-20200901-wa0010-768x1365.jpg 768w, https:\/\/www.parafia-smicz.pl\/wp-content\/uploads\/2024\/03\/img-20200901-wa0010-864x1536.jpg 864w, https:\/\/www.parafia-smicz.pl\/wp-content\/uploads\/2024\/03\/img-20200901-wa0010.jpg 900w\" sizes=\"(max-width: 576px) 100vw, 576px\" \/>\t\t\t\t\t\t\t\t\t\t\t\t\t\t\t<\/div>\n\t\t\t\t<\/div>\n\t\t\t\t\t<\/div>\n\t\t\t\t<\/div>\n\t\t<div class=\"elementor-element elementor-element-fb1e183 e-flex e-con-boxed e-con e-parent\" data-id=\"fb1e183\" data-element_type=\"container\" data-e-type=\"container\">\n\t\t\t\t\t<div class=\"e-con-inner\">\n\t\t<div class=\"elementor-element elementor-element-02f489a e-con-full e-flex e-con e-child\" data-id=\"02f489a\" data-element_type=\"container\" data-e-type=\"container\">\n\t\t\t\t<div class=\"elementor-element elementor-element-aebd3d9 elementor-widget elementor-widget-image\" data-id=\"aebd3d9\" data-element_type=\"widget\" data-e-type=\"widget\" data-widget_type=\"image.default\">\n\t\t\t\t\t\t\t\t\t\t\t\t\t\t\t<img loading=\"lazy\" decoding=\"async\" width=\"1024\" height=\"768\" src=\"https:\/\/www.parafia-smicz.pl\/wp-content\/uploads\/2024\/03\/img_20200810_091214m-1024x768.jpg\" class=\"attachment-large size-large wp-image-178\" alt=\"\" srcset=\"https:\/\/www.parafia-smicz.pl\/wp-content\/uploads\/2024\/03\/img_20200810_091214m-1024x768.jpg 1024w, https:\/\/www.parafia-smicz.pl\/wp-content\/uploads\/2024\/03\/img_20200810_091214m-300x225.jpg 300w, https:\/\/www.parafia-smicz.pl\/wp-content\/uploads\/2024\/03\/img_20200810_091214m-768x576.jpg 768w, https:\/\/www.parafia-smicz.pl\/wp-content\/uploads\/2024\/03\/img_20200810_091214m.jpg 1200w\" sizes=\"(max-width: 1024px) 100vw, 1024px\" \/>\t\t\t\t\t\t\t\t\t\t\t\t\t\t\t<\/div>\n\t\t\t\t<\/div>\n\t\t\t\t<div class=\"elementor-element elementor-element-efe4e98 elementor-widget elementor-widget-image\" data-id=\"efe4e98\" data-element_type=\"widget\" data-e-type=\"widget\" data-widget_type=\"image.default\">\n\t\t\t\t\t\t\t\t\t\t\t\t\t\t\t<img loading=\"lazy\" decoding=\"async\" width=\"768\" height=\"1024\" src=\"https:\/\/www.parafia-smicz.pl\/wp-content\/uploads\/2024\/03\/img_20200810_091102m-768x1024.jpg\" class=\"attachment-large size-large wp-image-176\" alt=\"\" srcset=\"https:\/\/www.parafia-smicz.pl\/wp-content\/uploads\/2024\/03\/img_20200810_091102m-768x1024.jpg 768w, https:\/\/www.parafia-smicz.pl\/wp-content\/uploads\/2024\/03\/img_20200810_091102m-225x300.jpg 225w, https:\/\/www.parafia-smicz.pl\/wp-content\/uploads\/2024\/03\/img_20200810_091102m.jpg 900w\" sizes=\"(max-width: 768px) 100vw, 768px\" \/>\t\t\t\t\t\t\t\t\t\t\t\t\t\t\t<\/div>\n\t\t<div class=\"elementor-element elementor-element-f58d241 e-con-full e-flex e-con e-child\" data-id=\"f58d241\" data-element_type=\"container\" data-e-type=\"container\">\n\t\t\t\t<div class=\"elementor-element elementor-element-f7bdab5 elementor-widget elementor-widget-image\" data-id=\"f7bdab5\" data-element_type=\"widget\" data-e-type=\"widget\" data-widget_type=\"image.default\">\n\t\t\t\t\t\t\t\t\t\t\t\t\t\t\t<img loading=\"lazy\" decoding=\"async\" width=\"1024\" height=\"768\" src=\"https:\/\/www.parafia-smicz.pl\/wp-content\/uploads\/2024\/03\/img_20200810_091511m-1024x768.jpg\" class=\"attachment-large size-large wp-image-180\" alt=\"\" srcset=\"https:\/\/www.parafia-smicz.pl\/wp-content\/uploads\/2024\/03\/img_20200810_091511m-1024x768.jpg 1024w, https:\/\/www.parafia-smicz.pl\/wp-content\/uploads\/2024\/03\/img_20200810_091511m-300x225.jpg 300w, https:\/\/www.parafia-smicz.pl\/wp-content\/uploads\/2024\/03\/img_20200810_091511m-768x576.jpg 768w, https:\/\/www.parafia-smicz.pl\/wp-content\/uploads\/2024\/03\/img_20200810_091511m.jpg 1200w\" sizes=\"(max-width: 1024px) 100vw, 1024px\" \/>\t\t\t\t\t\t\t\t\t\t\t\t\t\t\t<\/div>\n\t\t\t\t<\/div>\n\t\t\t\t\t<\/div>\n\t\t\t\t<\/div>\n\t\t<div class=\"elementor-element elementor-element-7e3063d e-flex e-con-boxed e-con e-parent\" data-id=\"7e3063d\" data-element_type=\"container\" data-e-type=\"container\">\n\t\t\t\t\t<div class=\"e-con-inner\">\n\t\t\t\t<div class=\"elementor-element elementor-element-15291f6 elementor-widget elementor-widget-heading\" data-id=\"15291f6\" data-element_type=\"widget\" data-e-type=\"widget\" data-widget_type=\"heading.default\">\n\t\t\t\t\t<h2 class=\"elementor-heading-title elementor-size-default\"><span style=\", sans-serif;font-size: 14px;font-style: normal;font-weight: 300;text-align: center\">\u00a9 2024 All Rights Reserved<\/span><\/h2>\t\t\t\t<\/div>\n\t\t\t\t\t<\/div>\n\t\t\t\t<\/div>\n\t\t\t\t<\/div>\n\t\t","protected":false},"excerpt":{"rendered":"<p>Remont wn\u0119trza wie\u017cy ko\u015bcielnej w celu uzyskania statusu wie\u017cy widokowej w \u015amiczu \u00a9 2024 All Rights Reserved<\/p>\n","protected":false},"author":1,"featured_media":0,"parent":0,"menu_order":0,"comment_status":"closed","ping_status":"closed","template":"","meta":{"ocean_post_layout":"full-screen","ocean_both_sidebars_style":"","ocean_both_sidebars_content_width":0,"ocean_both_sidebars_sidebars_width":0,"ocean_sidebar":"","ocean_second_sidebar":"","ocean_disable_margins":"enable","ocean_add_body_class":"","ocean_shortcode_before_top_bar":"","ocean_shortcode_after_top_bar":"","ocean_shortcode_before_header":"","ocean_shortcode_after_header":"","ocean_has_shortcode":"","ocean_shortcode_after_title":"","ocean_shortcode_before_footer_widgets":"","ocean_shortcode_after_footer_widgets":"","ocean_shortcode_before_footer_bottom":"","ocean_shortcode_after_footer_bottom":"","ocean_display_top_bar":"off","ocean_display_header":"default","ocean_header_style":"","ocean_center_header_left_menu":"","ocean_custom_header_template":"","ocean_custom_logo":0,"ocean_custom_retina_logo":0,"ocean_custom_logo_max_width":0,"ocean_custom_logo_tablet_max_width":0,"ocean_custom_logo_mobile_max_width":0,"ocean_custom_logo_max_height":0,"ocean_custom_logo_tablet_max_height":0,"ocean_custom_logo_mobile_max_height":0,"ocean_header_custom_menu":"","ocean_menu_typo_font_family":"","ocean_menu_typo_font_subset":"","ocean_menu_typo_font_size":0,"ocean_menu_typo_font_size_tablet":0,"ocean_menu_typo_font_size_mobile":0,"ocean_menu_typo_font_size_unit":"px","ocean_menu_typo_font_weight":"","ocean_menu_typo_font_weight_tablet":"","ocean_menu_typo_font_weight_mobile":"","ocean_menu_typo_transform":"","ocean_menu_typo_transform_tablet":"","ocean_menu_typo_transform_mobile":"","ocean_menu_typo_line_height":0,"ocean_menu_typo_line_height_tablet":0,"ocean_menu_typo_line_height_mobile":0,"ocean_menu_typo_line_height_unit":"","ocean_menu_typo_spacing":0,"ocean_menu_typo_spacing_tablet":0,"ocean_menu_typo_spacing_mobile":0,"ocean_menu_typo_spacing_unit":"","ocean_menu_link_color":"","ocean_menu_link_color_hover":"","ocean_menu_link_color_active":"","ocean_menu_link_background":"","ocean_menu_link_hover_background":"","ocean_menu_link_active_background":"","ocean_menu_social_links_bg":"","ocean_menu_social_hover_links_bg":"","ocean_menu_social_links_color":"","ocean_menu_social_hover_links_color":"","ocean_disable_title":"on","ocean_disable_heading":"default","ocean_post_title":"","ocean_post_subheading":"","ocean_post_title_style":"","ocean_post_title_background_color":"","ocean_post_title_background":0,"ocean_post_title_bg_image_position":"","ocean_post_title_bg_image_attachment":"","ocean_post_title_bg_image_repeat":"","ocean_post_title_bg_image_size":"","ocean_post_title_height":0,"ocean_post_title_bg_overlay":0.5,"ocean_post_title_bg_overlay_color":"","ocean_disable_breadcrumbs":"default","ocean_breadcrumbs_color":"","ocean_breadcrumbs_separator_color":"","ocean_breadcrumbs_links_color":"","ocean_breadcrumbs_links_hover_color":"","ocean_display_footer_widgets":"off","ocean_display_footer_bottom":"off","ocean_custom_footer_template":"","footnotes":""},"class_list":["post-167","page","type-page","status-publish","hentry","entry"],"_links":{"self":[{"href":"https:\/\/www.parafia-smicz.pl\/index.php?rest_route=\/wp\/v2\/pages\/167","targetHints":{"allow":["GET"]}}],"collection":[{"href":"https:\/\/www.parafia-smicz.pl\/index.php?rest_route=\/wp\/v2\/pages"}],"about":[{"href":"https:\/\/www.parafia-smicz.pl\/index.php?rest_route=\/wp\/v2\/types\/page"}],"author":[{"embeddable":true,"href":"https:\/\/www.parafia-smicz.pl\/index.php?rest_route=\/wp\/v2\/users\/1"}],"replies":[{"embeddable":true,"href":"https:\/\/www.parafia-smicz.pl\/index.php?rest_route=%2Fwp%2Fv2%2Fcomments&post=167"}],"version-history":[{"count":10,"href":"https:\/\/www.parafia-smicz.pl\/index.php?rest_route=\/wp\/v2\/pages\/167\/revisions"}],"predecessor-version":[{"id":224,"href":"https:\/\/www.parafia-smicz.pl\/index.php?rest_route=\/wp\/v2\/pages\/167\/revisions\/224"}],"wp:attachment":[{"href":"https:\/\/www.parafia-smicz.pl\/index.php?rest_route=%2Fwp%2Fv2%2Fmedia&parent=167"}],"curies":[{"name":"wp","href":"https:\/\/api.w.org\/{rel}","templated":true}]}}